nds digit of 29092?
2
What is the units digit of 652?
2
What is the tens digit of 4423?
2
What is the tens digit of 4413?
1
What is the ten thousands digit of 53988?
5
What is the thousands digit of 4664?
4
What is the units digit of 301?
1
What is the units digit of 168?
8
What is the hundreds digit of 900?
9
What is the tens digit of 534?
3
What is the units digit of 101457?
7
What is the units digit of 393?
3
What is the tens digit of 51206?
0
What is the hundreds digit of 2532?
5
What is the units digit of 873?
3
What is the ten thousands digit of 63643?
6
What is the hundreds digit of 1806?
8
What is the units digit of 958?
8
What is the tens digit of 7152?
5
What is the units digit of 1849?
9
What is the hundreds digit of 136718?
7
What is the tens digit of 2051?
5
What is the thousands digit of 3906?
3
What is the tens digit of 26986?
8
What is the thousands digit of 2079?
2
What is the thousands digit of 11344?
1
What is the hundreds digit of 16334?
3
What is the hundreds digit of 907?
9
What is the ten thousands digit of 97637?
9
What is the thousands digit of 1278?
1
What is the thousands digit of 1229?
1
What is the tens digit of 281?
8
What is the tens digit of 208?
0
What is the tens digit of 185047?
4
What is the units digit of 4748?
8
What is the hundreds digit of 53214?
2
What is the thousands digit of 8398?
8
What is the units digit of 3289?
9
What is the tens digit of 3354?
5
What is the thousands digit of 46631?
6
What is the thousands digit of 14992?
4
What is the thousands digit of 20619?
0
What is the thousands digit of 4978?
4
What is the units digit of 3666?
6
What is the tens digit of 450?
5
What is the tens digit of 524?
2
What is the tens digit of 5962?
6
What is the ten thousands digit of 26887?
2
What is the units digit of 176?
6
What is the tens digit of 17821?
2
What is the hundreds digit of 169719?
7
What is the tens digit of 60578?
7
What is the units digit of 1219?
9
What is the thousands digit of 3815?
3
What is the thousands digit of 25306?
5
What is the thousands digit of 13017?
3
What is the units digit of 1063?
3
What is the tens digit of 6768?
6
What is the thousands digit of 8422?
8
What is the hundreds digit of 6521?
5
What is the units digit of 1562?
2
What is the tens digit of 75971?
7
What is the hundreds digit of 9215?
2
What is the hundreds digit of 382?
3
What is the tens digit of 5455?
5
What is the hundreds digit of 16536?
5
What is the thousands digit of 4133?
4
What is the ten thousands digit of 51723?
5
What is the tens digit of 4379?
7
What is the ten thousands digit of 14413?
1
What is the hundreds digit of 1784?
7
What is the units digit of 1299?
9
What is the tens digit of 7414?
1
What is the hundreds digit of 311?
3
What is the tens digit of 400?
0
What is the thousands digit of 21164?
1
What is the ten thousands digit of 41838?
4
What is the units digit of 68632?
2
What is the hundreds digit of 196?
1
What is the units digit of 293?
3
What is the hundreds digit of 1298?
2
What is the tens digit of 11948?
4
What is the thousands digit of 9732?
9
What is the units digit of 2856?
6
What is the units digit of 498?
8
What is the tens digit of 56697?
9
What is the units digit of 5664?
4
What is the units digit of 1877?
7
What is the units digit of 457?
7
What is the units digit of 1311?
1
What is the ten thousands digit of 55067?
5
What is the tens digit of 3089?
8
What is the units digit of 2447?
7
What is the units digit of 513?
3
What is the thousands digit of 61729?
1
What is the hundreds digit of 1106?
1
What is the tens digit of 24194?
9
What is the hundreds digit of 5727?
7
What is the tens digit of 154473?
7
What is the tens digit of 1600?
0
What is the units digit of 6457?
7
What is the hundreds digit of 471?
4
What is the hundreds digit of 20600?
6
What is the hundreds digit of 19173?
1
What is the tens digit of 33791?
9
What is the tens digit of 18459?
5
What is the thousands digit of 26776?
6
What is the hundreds digit of 470?
4
What is the hundreds digit of 607?
6
What is the thousands digit of 18164?
8
What is the ten thousands digit of 29428?
2
What is the tens digit of 5136?
3
What is the thousands digit of 3495?
3
What is the thousands digit of 8043?
8
What is the units digit of 15939?
9
What is the hundreds digit of 442?
4
What is the tens digit of 5441?
4
What is the hundreds digit of 429?
4
What is the hundreds digit of 13381?
3
What is the hundreds digit of 361?
3
What is the tens digit of 806?
0
What is the units digit of 519?
9
What is the thousands digit of 1456?
1
What is the ten thousands digit of 11238?
1
What is the thousands digit of 5047?
5
What is the tens digit of 2869?
6
What is the thousands digit of 3545?
3
What is the hundreds digit of 4605?
6
What is the units digit of 68661?
1
What is the units digit of 6805?
5
What is the units digit of 97507?
7
What is the tens digit of 1469?
6
What is the tens digit of 8450?
5
What is the thousands digit of 1902?
1
What is the tens digit of 13804?
0
What is the units digit of 136574?
4
What is the tens digit of 21174?
7
What is the tens digit of 13820?
2
What is the thousands digit of 8625?
8
What is the units digit of 44842?
2
What is the tens digit of 1944?
4
What is the thousands digit of 16379?
6
What is the units digit of 1050?
0
What is the units digit of 3330?
0
What is the tens digit of 9854?
5
What is the thousands digit of 1296?
1
What is the units digit of 499?
9
What is the thousands digit of 45644?
5
What is the hundreds digit of 3891?
8
What is the hundreds digit of 2040?
0
What is the ten thousands digit of 71545?
7
What is the ten thousands digit of 12861?
1
What is the tens digit of 95?
9
What is the tens digit of 25651?
5
What is the tens digit of 382?
8
What is the hundreds digit of 12539?
5
What is the thousands digit of 2516?
2
What is the units digit of 1949?
9
What is the hundreds digit of 1560?
5
What is the thousands digit of 2418?
2
What is the tens digit of 713?
1
What is the units digit of 1012?
2
What is the tens digit of 3260?
6
What is the units digit of 92843?
3
What is the tens digit of 666?
6
What is the thousands digit of 36474?
6
What is the tens digit of 1357?
5
What is the thousands digit of 3734?
3
What is the units digit of 14308?
8
What is the hundreds digit of 1599?
5
What is the tens digit of 1465?
6
What is the units digit of 102?
2
What is the tens digit of 173?
7
What is the thousands digit of 107468?
7
What is the tens digit of 154486?
8
What is the thousands digit of 28217?
8
What is the tens digit of 1239?
3
What is the tens digit of 787?
8
What is the hundreds digit of 30205?
2
What is the hundreds digit of 2202?
2
What is the hundreds digit of 9168?
1
What is the tens digit of 30053?
5
What is the units digit of 409?
9
What is the hundreds digit of 16339?
3
What is the units digit of 5748?
8
What is the units digit of 544?
4
What is the tens digit of 7099?
9
What is the hundreds digit of 759?
7
What is the hundreds digit of 1462?
4
What is the ten thousands digit of 12377?
1
What is the tens digit of 2111?
1
What is the thousands digit of 24331?
4
What is the thousands digit of 17660?
7
What is the thousands digit of 6657?
6
What is the units digit of 1444?
4
What is the tens digit of 40303?
0
What is the ten thousands digit of 18558?
1
What is the ten thousands digit of 68257?
6
What is the tens digit of 117917?
1
What is the thousands digit of 58017?
8
What is the tens digit of 1340?
4
What is the hundreds digit of 63027?
0
What is the thousands digit of 1856?
1
What is the units digit of 641?
1
What is the ten thousands digit of 18322?
1
What is the tens digit of 50418?
1
What is the hundreds digit of 2788?
7
What is the tens digit of 268?
6
What is the units digit of 908?
8
What is the tens digit of 225?
2
What is the hundreds digit of 47730?
7
What is the units digit of 806?
6
What is the units digit of 1367?
7
What is the hundreds digit of 2559?
5
What is the units digit of 653?
3
What is the hundreds digit of 665?
6
What is the thousands digit of 1283?
1
What is the units digit of 100422?
2
What is the hundreds digit of 16477?
4
What is the tens digit of 106?
0
What is the tens digit of 14893?
9
What is the hundreds digit of 1525?
5
What is the thousands d